d by 11.
9
Let m = 0 - -16. Calculate the remainder when 63 is divided by m.
15
Let j = -66 - -101. Let u be 2/14 - 45/21. Calculate the remainder when j is divided by ((-36)/(-42))/(u/(-28)).
11
Let y = -6 + 11. Suppose y*j = -20 + 80. Suppose 0 = -4*u - j + 220. What is the remainder when u is divided by 18?
16
Let g = -81 + 164. What is the remainder when g is divided by 42?
41
Let v(f) = 49*f**2 + 7*f - 7. What is the remainder when v(1) is divided by 25?
24
Let d(r) = 5*r**2 - 4*r + 3. Let h be d(2). Suppose 7*t = 2*t + h. Suppose -30 = -t*p - 0. What is the remainder when 28 is divided by p?
8
Let l(i) = 78*i**3 - i + 1. Let w be l(1). Let o = -50 + w. Calculate the remainder when o is divided by (-10)/4*2*-3.
13
Suppose 2*k - 14 = -3*h, -3*k + 50 = -3*h - 1. What is the remainder when 49 is divided by k?
10
Suppose 3*m = 15, 4*q + 5*m + 35 = 4*m. Calculate the remainder when (-1328)/(-18) - q/45 is divided by 25.
24
Suppose 4*l + 16*l - 2680 = 0. What is the remainder when l is divided by 14?
8
What is the remainder when 52 is divided by ((-144)/8)/(1/((-2)/2))?
16
Let o(k) = 29*k**2 + k + 1. Let z be (-6)/(-15) + 7/(-5). Calculate the remainder when o(z) is divided by 10.
9
Let t be (1 - 1)/(-1 - -3). Suppose t*k = 2*k. Suppose 4*i - 30 - 14 = k. What is the remainder when 31 is divided by i?
9
Let a(x) = -34*x**2 - 9*x - 7. Let o be a(11). Calculate the remainder when 4/(-26) - o/52 is divided by 14.
11
Let z(s) = -s + 5. Let g be z(0). Suppose -5 = -a + g. Calculate the remainder when a is divided by 3.
1
Let g(v) = v**3 + 16. Suppose d = 2*d - 5*c, 3*c = 2*d. Calculate the remainder when g(d) is divided by 9.
7
Let g be 1/(3/(-3))*2. What is the remainder when 34 + g/(-2) + -3 is divided by 11?
10
Let b be (6/4)/((-1)/(-2)). Suppose -b*t + 7*t = 20. Calculate the remainder when 13 is divided by t.
3
Suppose 5*t - 3*m = -79, 5*m = -0*t + t + 29. Let s = t + 19. What is the remainder when 12 is divided by s?
2
Suppose 0 = -5*f + 2*f + 15. Suppose 106 = 4*d + f*y, 2*y - 62 = -2*d + 4*y. Let v = 31 + -16. Calculate the remainder when d is divided by v.
14
Let s(u) = 4*u - 5. Let y(a) = a**2 - 4*a + 1. Let m be y(5). Suppose v = -2*v + 21. Calculate the remainder when s(m) is divided by v.
5
Suppose w = -5*s + 38, 0 = 2*s + 8*w - 12*w - 2. What is the remainder when s is divided by 4/16 + 38/8?
2
Suppose 0*d + 3 = -3*d. Calculate the remainder when d/2*-1*14 is divided by 5.
2
Suppose 0 = 5*p + 16 - 1. What is the remainder when p/2*(-136)/12 is divided by 10?
7
Let n(k) = 4*k**3 - 2*k**3 + k**3 - 2*k**3 - 3*k - 5*k**2. What is the remainder when n(6) is divided by 5?
3
Let z(w) = -w**2 - 16*w + 2. Let o be (-995)/(-10) + 2/(-4). Calculate the remainder when (-2 + 1)/((-3)/o) is divided by z(-15).
16
Suppose q = -0*q. Suppose q = -5*a + 52 + 13. Calculate the remainder when 35 is divided by a + 0 + (1 - 2).
11
Suppose 6*k - 4 = 7*k. What is the remainder when (-92)/16*k/1 is divided by 12?
11
Suppose -64*q + 68*q - 52 = 0. Let x(f) = 2*f**3 - 2*f**2 - 3*f - 2. Calculate the remainder when x(3) is divided by q.
12
Let d(s) = 2*s + 9. Calculate the remainder when d(5) is divided by 11.
8
What is the remainder when 16 is divided by (-6)/9*(0 - 15)?
6
Let g(n) = -n**3 - 17*n**2 - 16*n + 18. What is the remainder when g(-16) is divided by 10?
8
Let s = -12 + 22. Suppose 2*g - 2 - 8 = 0. Suppose -6*x + 19 = -g*x. Calculate the remainder when x is divided by s.
9
Let a = 16 - -16. Calculate the remainder when a is divided by -2*11/(-2)*1.
10
Let v(l) = -l**2 + 7*l + 10. Let w be v(6). Suppose 3*h - h = -2*b + 32, -w = -h - 5*b. Calculate the remainder when h is divided by (-52)/(-9) + 2/9.
4
Let r(q) be the third derivative of -q**4/6 - q**3/6 - 2*q**2. Let k(u) = -u - 5. Let n be k(-3). What is the remainder when 20 is divided by r(n)?
6
Let z be (-6)/(-4) + 3/2. Suppose z*o - 6 = 3. Calculate the remainder when 38 is divided by 1/o*(0 + 30).
8
Suppose 0*z = -2*z + 122. Suppose -3*d = -32 - z. Suppose -3*q - 2*q = -80. What is the remainder when d is divided by q?
15
Let i(d) = 3*d**3 - d. Suppose -3*l - 3*t = -0*t - 51, -2*l + 2*t = -14. What is the remainder when i(2) is divided by l?
10
Suppose 0*c = 6*c - 54. What is the remainder when 52 is divided by c?
7
Let g(a) = 23*a**2 + 11*a + 19. Calculate the remainder when g(-3) is divided by 65.
63
Suppose -p - 3 = x, 3*x + 7 = -2*p - 0*p. Calculate the remainder when 2 is divided by (-2 + 2 + -1)*x.
0
Let q(a) = -a**3 + 6*a**2 + 2*a. What is the remainder when 119 is divided by q(4)?
39
Calculate the remainder when (-730)/(-15) + 4/(-6) is divided by 13.
9
Let l(s) = s**3 - 4*s**2 - 3*s + 1. Suppose -4*d + 164 = -0*d. What is the remainder when d is divided by l(5)?
8
Let y = 54 + -29. What is the remainder when y is divided by 7?
4
Calculate the remainder when (17 - -2) + -3 + 1 is divided by 5.
2
Suppose -5*r + 8 = 3*l - 34, 5*l - 5*r = 70. Calculate the remainder when l is divided by 8.
6
Suppose 26 + 44 = 5*g. Calculate the remainder when 80 is divided by g.
10
Suppose 0*t = 4*t - 20. Suppose 0*f - 2*f + t*b + 18 = 0, 4*f - b - 18 = 0. What is the remainder when 7*(-3)/9*-3 is divided by f?
3
Suppose 115 = -6*r + 463. Calculate the remainder when r is divided by 20.
18
Suppose -70*w + 65*w = -230. What is the remainder when w is divided by 18?
10
Suppose p + 0*p + 5*z + 13 = 0, 5*z = -4*p - 7. Suppose p*j + 2*j - 44 = 0. Calculate the remainder when j is divided by 2.
1
Suppose k - 12 = -5. What is the remainder when k is divided by (-1)/(-4) - 22/(-8)?
1
Let w = -6 - -10. Suppose w*t - 5 = 2*t - 5*l, -t = -5*l - 10. Let s = 12 + t. What is the remainder when 33 is divided by s?
16
Suppose -40 = -2*o - 16. Let h = 114 + -4. Suppose 0 = -3*l - 2*l + h. Calculate the remainder when l is divided by o.
10
Suppose -5*m + 61 = 3*t - 4, -4*m = t - 17. Suppose 27 = -2*f + 5*f. Calculate the remainder when t is divided by f.
7
Let n(h) = h**3 + 5*h**2 - 16*h - 1. What is the remainder when n(-7) is divided by 7?
6
What is the remainder when 16 is divided by (-15)/(1 + 15/(-6))?
6
Suppose 4*n - 2 = 3*n. Let f(o) = -5*o. Let k be f(-1). Suppose -n*h = 2*y - 2, h - 1 + 0 = -k*y. Calculate the remainder when 2 is divided by h.
0
Suppose -3*v - 3*r + 159 = 0, 0*v = -2*v - r + 102. Suppose 2*g = g + 25. What is the remainder when v is divided by g?
24
Let g(k) = -16*k + 39. Calculate the remainder when g(-6) is divided by 34.
33
Calculate the remainder when 15 is divided by ((-6)/10)/((-10)/200).
3
Suppose 1 + 9 = -2*o. Calculate the remainder when (-1)/o - 248/(-10) is divided by 13.
12
Let q(l) = -l**2 - 23*l - 15. What is the remainder when q(-17) is divided by 22?
21
Suppose 210 = 5*g - 7*n + 4*n, -3*n + 195 = 4*g. What is the remainder when g is divided by 16?
13
Let w = 110 + -100. What is the remainder when w is divided by 5?
0
Let m(p) = p**3 - 9*p**2 + 8*p + 8. Let j be m(8). Suppose -3 = -b + j. Calculate the remainder when 21 is divided by b.
10
Let h(v) = v**3 + 8*v**2 - 4*v + 3. Calculate the remainder when h(-4) is divided by 28.
27
What is the remainder when (-4)/((-16)/(-10))*564/(-30) is divided by 10?
7
Suppose 14*u - 12*u - 90 = 0. What is the remainder when u is divided by 16?
13
Let h(n) = 8*n**3 - n**2 - n + 2. Calculate the remainder when 21 is divided by h(1).
5
What is the remainder when 1 + 33/6*4 is divided by 4?
3
Let g be ((-1)/(-3))/((-1)/(-45)). Let r = g - 2. Suppose 0*c + 100 = 4*c. Calculate the remainder when c is divided by r.
12
Suppose -3*c + 409 = 5*x, 4*c - 576 = -4*x + 5*x. Calculate the remainder when c is divided by 29.
27
Let h(p) = 2*p**2 - 8*p + 11. Let w(g) = -g**3 - 13*g**2 - 13*g - 6. Let c be w(-12). Calculate the remainder when 104 is divided by h(c).
34
Suppose 0*p = -2*p + 36. Let m(b) = 2*b - 6. Let d be m(4). Suppose 2 = r - d*h, -3*r + 2*h + 12 = -r. What is the remainder when p is divided by r?
8
Let v = -29 - -48. What is the remainder when v is divided by 106/22 + (-22)/(-121)?
4
Let p(z) = -z**2 - 6*z + 5. Let y be p(-6). Let r = -3 + y. Suppose -4*s - r*h + 18 = 0, 2*s - h + 2 = 1. Calculate the remainder when s is divided by 1.
0
Suppose 5 - 20 = r - 2*b, r + 11 = -2*b. Let g = -7 - r. What is the remainder when 10*1 - 2 - -2 is divided b